o) = -o**2 + 7. Let f be q(4). Let u(m) = -8*m - m**2 + 2*m + 3*m + 4 - 6*m. Calculate u(f).
4
Let g(m) = m**3 - 7*m**2 + 4*m + 8. Let o(f) = f**3 - 9*f**2 + 18*f + 6. Let r be o(6). What is g(r)?
-4
Let w(r) be the second derivative of -11*r**3/6 + 3*r**2/2 + 14*r + 2. What is w(3)?
-30
Let m(d) = d**2 + d + 1. Let n(v) = 6*v**2 + v + 8. Let l(k) = -5*m(k) + n(k). Let x be l(4). Let z(y) = y. What is z(x)?
3
Let f(m) be the second derivative of 1/20*m**5 + 0*m**2 + 1/6*m**4 - 2 - 1/2*m**3 - 5*m. Give f(2).
10
Let b(j) be the second derivative of j**4/6 - 2*j**2 + 183*j. Determine b(3).
14
Let b(f) = -3 + 23 - 3 - 3*f. Let x be b(7). Let r(t) be the third derivative of -t**4/12 - t**3/6 - 5*t**2. Calculate r(x).
7
Let t(m) = m**2 + 18*m + 2. Let k be t(-18). Let i(c) = 5*c**3 + 2*c**2 + c + 3. Let p(z) = -3*z**3 - 3*z**2 - z - 2. Let a(r) = k*i(r) + 3*p(r). What is a(5)?
-5
Let k be 3/((-3)/(-2)) + 1. Let x(b) be the third derivative of 0 - 12*b**2 + 1/24*b**4 - 1/2*b**3 - b. Calculate x(k).
0
Let i(y) = y**2 + 10*y + 12. Let v be i(-9). Let a(c) = v*c**2 - 7*c**2 + 6*c - 5*c. Determine a(1).
-3
Let a(w) = w**3 + 23*w**2 - 48*w + 62. Let o be a(-25). Let p(f) = -f**3 + 11*f**2 + 14*f - 18. What is p(o)?
6
Suppose 5*m - 6 + 11 = 0. Let y be (3 - (4 + 0))/m. Let c(n) = -n + 1. Give c(y).
0
Let u(v) = v + 8. Let k(g) = -2*g + 50. Let m(b) = k(b) - 5*u(b). Calculate m(2).
-4
Let s(m) = 5516*m + m**2 - 16542*m + 5517*m + 3 + 5513*m. Let c = -3 + 4. Let w be 1/(0 - c/3). Determine s(w).
0
Let y(p) = p + 2. Let a = -544 - -550. Calculate y(a).
8
Suppose -5*w - 12 - 23 = 0. Let c(a) = -a**3 - 7*a**2 - 2*a - 20. Let r(p) = -p**3 - 7*p**2 - 2*p - 23. Let t(b) = 5*c(b) - 4*r(b). Determine t(w).
6
Let k(w) = w**3 + 4*w**2 - 3*w + 1. Let a = 0 + 0. Suppose 6*p - 4*p = a. Suppose p = -2*v + z - 7, -50 = 5*v + 4*z - 13. What is k(v)?
-9
Let f = -2 + 1. Suppose 3*i + 46 - 226 = 0. Let m(q) = -4*q - i - 3*q + 59. Give m(f).
6
Let l(i) = -i**2 - 3*i - 4. Suppose 0 = -2*r - 5*g - 15, -3*g = -4*r - 19 + 2. What is l(r)?
-14
Let q(w) = -11*w + 15. Let b(l) = 31*l - 44. Let r(j) = -6*b(j) - 17*q(j). Determine r(9).
18
Suppose 0*u + 2*u = -2. Let f(n) = 3*n - 5*n - 1184 + 1183. Determine f(u).
1
Let p(w) = w - 13. Let l be p(16). Let n(s) = 3 - l - s + 5 - 4. Give n(-6).
7
Let s be 1 + (-5 + 3)/2. Let t(u) = s*u**2 - 4*u + 2*u + 0*u - u**2. What is t(-2)?
0
Let u(g) = -g**2 + 5*g - 6. Suppose -3*s = -3*j - 228, -3*s + 0*j - 3*j = -258. Let w = s - 76. Give u(w).
-6
Suppose 4 - 6 = -d. Let m(o) = -1 - 43*o**2 + o + 0*o**3 + 42*o**d + o**3. Give m(3).
20
Let z(i) = 2. Let n(r) = -r - 13. Let s(f) = -2*n(f) - 14*z(f). Let t(d) = -2*d + 32. Let h be t(19). What is s(h)?
-14
Let n(g) = 10*g**3 - 2*g + 1. Let v = 445 - 444. Determine n(v).
9
Let i = 16 - -27. Let v = 50 - i. Let c(q) = q**2 - 8*q + 8. What is c(v)?
1
Let b be -24*(-6)/81 - (-2)/9. Suppose -r = 5*u - 21, 2*r + 2*r - 18 = b*u. Let c(i) = -i**2 + 7*i + 4. What is c(r)?
10
Let o(c) be the third derivative of 5*c**2 - 3/8*c**4 - 1/720*c**6 + 0 + 0*c**3 - 1/30*c**5 + 0*c. Let x(w) be the second derivative of o(w). Give x(-8).
4
Let k be -2 + (-2 - 2 - 1). Let x = k - -4. Let a be -4*3/(-12)*x. Let b(d) = -2*d + 4. Calculate b(a).
10
Suppose 18*o - 3 = 19*o. Let z(v) = 2*v**2 + 3*v - 2. Calculate z(o).
7
Let i(b) = -b**3 + 8*b**2 - 17*b + 6. Let l be i(5). Let m(x) = -x**2 + 10*x - 7. Let p be m(9). Let z(f) = p*f + 4 - 4. Give z(l).
-8
Let o(v) = v + 3. Let j be o(-5). Let b be j + 0 + (4 - -2). Let r(l) = -5*l - 7. Let d(p) = p + 1. Let w(g) = b*d(g) + r(g). What is w(4)?
-7
Let z(b) be the second derivative of b**3/3 + 2*b**2 - b. Let q = 285 + -292. Determine z(q).
-10
Let r(j) = j + 3. Let n(g) = -g + 1. Let s(d) = 4*n(d) + r(d). Let b = -15 + 26. Suppose 0 = 4*o - b - 9. What is s(o)?
-8
Suppose 5*t - 25 = 5*r - 0*r, 4*t = 5*r + 22. Suppose b + t - 9 = 0. Let w(j) = -j**3 + 5*j**2 + 5*j + 2. What is w(b)?
-4
Suppose -13*f = -9*f - 24. Suppose -f = -2*h + 2. Suppose 0 = -0*w - h*w. Let k(i) = -i + 9. Give k(w).
9
Let g(z) = -z**3 - 4*z**2 - 3*z - 3. Let p(o) be the second derivative of 5/6*o**3 + 1/12*o**4 - 5*o - 3/2*o**2 + 0. Let d be p(-5). Give g(d).
-3
Let j(d) = d**2 + 9*d - 15. Let q be j(-11). Let n(y) = 9 + 14*y**2 - 2 - y**3 - q*y**2 - 8*y. Calculate n(6).
-5
Let o(a) be the third derivative of a**4/24 + 5*a**3/6 - 24*a**2 - 2*a. Calculate o(4).
9
Let t(v) = v**2. Let a be (5 - 5)/(1*-1). Suppose a = 3*g - 5*g - 30. Let j = g + 15. Give t(j).
0
Let r = 19 + -20. Let g(p) = 1. Let d(a) = 12*a - 5. Let u(z) = r*d(z) - 4*g(z). Give u(-1).
13
Let y(p) = -7*p - 2. Let v(l) = -9 + 2 + 6 - 3*l + 4*l. Let d(q) = 5*v(q) + y(q). Determine d(-6).
5
Let w(a) be the third derivative of a**4/8 + a**3/2 + 332*a**2. Give w(7).
24
Let j(z) be the first derivative of 29*z**4/4 - z**3/3 + 59. What is j(1)?
28
Let w(n) = -n**3 + 7*n**2 + n - 10. Let g(m) be the third derivative of m**6/60 - m**5/20 + m**4/8 - m**3/2 - 13*m**2. Let d be g(2). Determine w(d).
-3
Let i = 877 + -873. Let w(k) = 9*k + 3. Give w(i).
39
Let l(d) = d**2 - 5*d - 7. Let a be (2*-2 - (-17 - -14)) + 7. Determine l(a).
-1
Let d(q) = q**2 + 4*q - 3. Let w be (6/(-4))/((-2)/12). Let y(u) = u - 6. Let x be y(w). What is d(x)?
18
Let u(h) = -h**3 - 4*h**2 + 31*h - 5. Let o be u(-8). Let x(z) = -z**3 + 6*z**2 - 7*z - 1. What is x(o)?
5
Let f(b) = b**3 - 4 + 6*b**2 + 5 + 4 + 3*b. Suppose 25*g + 150 = -5*g. Give f(g).
15
Suppose 3*u = -2*h - 9, -2*h = -0*h + u + 3. Suppose -a - 2*t + t + 2 = h, -t = 3*a - 8. Let l(q) = -q**3 + 3*q**2 - q + 2. Determine l(a).
-1
Let y = 3 - 4. Let k be (-1 + y)*1 + 1. Let t(w) = 2*w**2 - 2*w - 1. Let q(z) = 8*z**2 - 10*z - 5. Let f(m) = -2*q(m) + 11*t(m). Calculate f(k).
7
Suppose y + 10*y = -88. Let i(z) = -z + 1. Calculate i(y).
9
Let l(a) = -1 + 56*a**3 - 57*a**3 + 10*a - 2 + 9*a**2 - 16*a. Give l(8).
13
Let l(g) be the first derivative of g**5/60 + g**4/4 - g**3/6 - 27*g**2/2 - 17. Let m(j) be the second derivative of l(j). Suppose 2*w = -4 - 8. Calculate m(w).
-1
Let p(n) = -n**2 - 5*n - 3. Let i(s) = -s**3 - 17*s**2 - 29*s + 12. Let t be i(-15). What is p(t)?
3
Suppose -4*x - 8 = -4*v - 3*x, x + 11 = 5*v. Let u(s) = s**2 + s + s**v - 1 - 2*s**3 - 7 + 1. Calculate u(0).
-7
Let k(p) = -2*p**2 - 4*p - 2. Let m(b) = -b + 27. Let j be m(24). Let y(n) = 3*n**2 + 3*n + 2. Let u(h) = j*y(h) + 4*k(h). Determine u(7).
-2
Let s be (-7)/(-28)*4 - (-2 - -9). Let o(p) = p**2 + p + 1. Suppose 0 = -c + 4 - 5. Let a(l) = -3*l**2 + 5*l - 1. Let h(j) = c*a(j) - 4*o(j). Calculate h(s).
15
Suppose 0 = v - 6 - 7. Suppose -4*i + 3*i = -3*n + v, -41 = 5*i - 3*n. Let b(w) = -w - 10. Calculate b(i).
-3
Let k(p) = -p - 4. Let d(m) = 2*m**2 + 5*m + 6. Let u be d(-4). Suppose -g + 9 = -4*w - 10, 3*g = -3*w - u. Let z(v) = 7*v - 1. Let o be z(g). What is k(o)?
4
Let a be -2*3*(3 - (-18)/(-4)). Suppose a*b + 9 = 6*b. Let u(k) = 4*k + 1. What is u(b)?
-11
Let o(j) = j**2 - 10*j + 7. Let x(v) = -8*v + 57. Let i be x(6). Determine o(i).
-2
Let x(j) be the third derivative of -j**4/24 - 2*j**3/3 - 2*j**2. Let h(n) = -8*n + 59. Let w be h(7). Calculate x(w).
-7
Let d(n) = -n + 5. Let q(t) = -2*t**2 - 3*t**2 - 4*t + t + 4 + 4*t**2. Let g be q(-5). Let l be 4/((-22)/g + -3). What is d(l)?
-1
Let y(i) = i**3 + 3*i**2 - 5*i - 5. Suppose 4*u + 38 = 110. Let g be u/(-8)*(-288)/27. Let w be g/9*12/(-8). Give y(w).
-1
Let z(x) = x + 2. Let c(m) = -6*m - 16. Let d = -122 + 114. Let u(f) = d*z(f) - c(f). Calculate u(4).
-8
Suppose 6 = -22*r + 27*r - b, 16 = 2*r + 3*b. Let u(k) = 2*k**3. Give u(r).
16
Let c(i) = 2*i**2 + 4*i + 1. Suppose m = 5*m - 24. Suppose p = -2*p - 4*q - 13, p + 3*q = -m. Calculate c(p).
7
Let w be (-2)/(0 - 2)*(-10)/(-30). Let s(p) be the second derivative of 0 + 3/2*p**2 - 3*p + w*p**3. What is s(4)?
11
Let j(o) = 3*o + 5. Let x be (15/(-2))/(6/24). Let z be x/(-9)*3/2. Suppose i - 23 + 8 = 3*q, -15 = -z*i. Calculate j(q).
-7
Let i(w) = 3*w. Let p be (1/(-2))/(1 + (-39)/42). Let z(o) = -2*o - 12. Let a be z(p). Calculate i(a).
6
Let q(s) = -59*s + 120*s - 62*s + 3 - 8. Calculate q(-6).
1
Let i(c) be the first derivative of c**4/4 - 3*c**3 - 7*c**2/2 - 23*c - 78. Calculate i(10).
7
Let r be ((-9)/(-11) - 1) + (-225)/33. Let x(z) = z*